{"id":145,"date":"2026-02-21T11:05:52","date_gmt":"2026-02-21T11:05:52","guid":{"rendered":"https:\/\/www.refinebybech.dk\/?page_id=145"},"modified":"2026-02-21T14:59:19","modified_gmt":"2026-02-21T14:59:19","slug":"kar-roedme-i-ansigt","status":"publish","type":"page","link":"https:\/\/www.refinebybech.dk\/?page_id=145","title":{"rendered":"Kar\/ Rosecea\/ r\u00f8dme i ansigt"},"content":{"rendered":"\t\t<div data-elementor-type=\"wp-page\" data-elementor-id=\"145\" class=\"elementor elementor-145\">\n\t\t\t\t<div class=\"elementor-element elementor-element-d3a1a9b e-flex e-con-boxed e-con e-parent\" data-id=\"d3a1a9b\" data-element_type=\"container\" data-e-type=\"container\">\n\t\t\t\t\t<div class=\"e-con-inner\">\n\t\t\t\t<div class=\"elementor-element elementor-element-dd0661a elementor-widget elementor-widget-text-editor\" data-id=\"dd0661a\" data-element_type=\"widget\" data-e-type=\"widget\" data-widget_type=\"text-editor.default\">\n\t\t\t\t\t\t\t\t\t<p style=\"font-weight: 400;\"><strong>Karspr\u00e6ngninger\/Rosecea behandling med Ipl<\/strong><\/p><p style=\"font-weight: 400;\">Ved behandling af blodkar\/r\u00f8dme i ansigtet, optages ipl lyset af blodets r\u00f8de farvestof, h\u00e6moglobin, som omdannes til varme, der \u00f8del\u00e6gger karv\u00e6ggene. De beskadigede kar fjernes derefter af kroppens reparationssystemer.<\/p><p style=\"font-weight: 400;\"><strong>Forl\u00f8b og resultat<\/strong><\/p><p style=\"font-weight: 400;\">En typisk behandlingsplan best\u00e5r af 1-3 behandlinger med ca 4 ugers mellemrum. Mange vil se synlige forbedringer allerede efter f\u00f8rst behandling.<\/p><p style=\"font-weight: 400;\"><strong>Forunders\u00f8gelse\/Vigtigt at vide<\/strong><\/p><p style=\"font-weight: 400;\">Du er altid velkommen til at komme ind til en gratis og uforpligtende vejledning hvis du har sp\u00f8rgsm\u00e5l til behandlingen.<\/p><p style=\"font-weight: 400;\">Karspr\u00e6ngninger\/ rosacea behandlinger med Ipl m\u00e5 ikke udf\u00f8res p\u00e5 personer under 18 \u00e5r.<\/p><p style=\"font-weight: 400;\">Inden behandlingen m\u00e5 du ikke have dyrket sol, solarium i 30 dage og ikke brugt selvbruner 10 dage f\u00f8r behandlingen. Behandlingen kan ikke udf\u00f8res p\u00e5 m\u00f8rke hudtyper.<\/p><p style=\"font-weight: 400;\">De f\u00f8rste par dage efter behandlingen, kan huden v\u00e6ret r\u00f8d, h\u00e6vet og evt pigment vil v\u00e6re tr\u00e5dt frem (afst\u00f8des indenfor et par dage\/en uge)<\/p><p style=\"font-weight: 400;\">\u00a0<\/p>\t\t\t\t\t\t\t\t<\/div>\n\t\t\t\t\t<\/div>\n\t\t\t\t<\/div>\n\t\t<div class=\"elementor-element elementor-element-3e6f65c e-flex e-con-boxed e-con e-parent\" data-id=\"3e6f65c\" data-element_type=\"container\" data-e-type=\"container\">\n\t\t\t\t\t<div class=\"e-con-inner\">\n\t\t\t\t<div class=\"elementor-element elementor-element-35affd1 elementor-widget elementor-widget-image\" data-id=\"35affd1\" data-element_type=\"widget\" data-e-type=\"widget\" data-widget_type=\"image.default\">\n\t\t\t\t\t\t\t\t\t\t\t\t\t\t\t<img fetchpriority=\"high\" decoding=\"async\" width=\"710\" height=\"1024\" src=\"https:\/\/www.refinebybech.dk\/wp-content\/uploads\/2026\/02\/IMG_1388-2-710x1024.jpg\" class=\"attachment-large size-large wp-image-31\" alt=\"\" srcset=\"https:\/\/www.refinebybech.dk\/wp-content\/uploads\/2026\/02\/IMG_1388-2-710x1024.jpg 710w, https:\/\/www.refinebybech.dk\/wp-content\/uploads\/2026\/02\/IMG_1388-2-208x300.jpg 208w, https:\/\/www.refinebybech.dk\/wp-content\/uploads\/2026\/02\/IMG_1388-2-768x1108.jpg 768w, https:\/\/www.refinebybech.dk\/wp-content\/uploads\/2026\/02\/IMG_1388-2-1065x1536.jpg 1065w, https:\/\/www.refinebybech.dk\/wp-content\/uploads\/2026\/02\/IMG_1388-2.jpg 1169w\" sizes=\"(max-width: 710px) 100vw, 710px\" \/>\t\t\t\t\t\t\t\t\t\t\t\t\t\t\t<\/div>\n\t\t\t\t\t<\/div>\n\t\t\t\t<\/div>\n\t\t\t\t<\/div>\n\t\t","protected":false},"excerpt":{"rendered":"<p>Karspr\u00e6ngninger\/Rosecea behandling med Ipl Ved behandling af blodkar\/r\u00f8dme i ansigtet, optages ipl lyset [&hellip;]<\/p>\n","protected":false},"author":1,"featured_media":0,"parent":121,"menu_order":0,"comment_status":"closed","ping_status":"closed","template":"","meta":{"footnotes":""},"class_list":["post-145","page","type-page","status-publish","hentry"],"_links":{"self":[{"href":"https:\/\/www.refinebybech.dk\/index.php?rest_route=\/wp\/v2\/pages\/145","targetHints":{"allow":["GET"]}}],"collection":[{"href":"https:\/\/www.refinebybech.dk\/index.php?rest_route=\/wp\/v2\/pages"}],"about":[{"href":"https:\/\/www.refinebybech.dk\/index.php?rest_route=\/wp\/v2\/types\/page"}],"author":[{"embeddable":true,"href":"https:\/\/www.refinebybech.dk\/index.php?rest_route=\/wp\/v2\/users\/1"}],"replies":[{"embeddable":true,"href":"https:\/\/www.refinebybech.dk\/index.php?rest_route=%2Fwp%2Fv2%2Fcomments&post=145"}],"version-history":[{"count":12,"href":"https:\/\/www.refinebybech.dk\/index.php?rest_route=\/wp\/v2\/pages\/145\/revisions"}],"predecessor-version":[{"id":206,"href":"https:\/\/www.refinebybech.dk\/index.php?rest_route=\/wp\/v2\/pages\/145\/revisions\/206"}],"up":[{"embeddable":true,"href":"https:\/\/www.refinebybech.dk\/index.php?rest_route=\/wp\/v2\/pages\/121"}],"wp:attachment":[{"href":"https:\/\/www.refinebybech.dk\/index.php?rest_route=%2Fwp%2Fv2%2Fmedia&parent=145"}],"curies":[{"name":"wp","href":"https:\/\/api.w.org\/{rel}","templated":true}]}}