{"id":151,"date":"2026-02-21T11:08:17","date_gmt":"2026-02-21T11:08:17","guid":{"rendered":"https:\/\/www.refinebybech.dk\/?page_id=151"},"modified":"2026-02-22T12:46:45","modified_gmt":"2026-02-22T12:46:45","slug":"skinbooster","status":"publish","type":"page","link":"https:\/\/www.refinebybech.dk\/?page_id=151","title":{"rendered":"Skinbooster"},"content":{"rendered":"\t\t<div data-elementor-type=\"wp-page\" data-elementor-id=\"151\" class=\"elementor elementor-151\">\n\t\t\t\t<div class=\"elementor-element elementor-element-e61b8ef e-flex e-con-boxed e-con e-parent\" data-id=\"e61b8ef\" data-element_type=\"container\" data-e-type=\"container\">\n\t\t\t\t\t<div class=\"e-con-inner\">\n\t\t\t\t<div class=\"elementor-element elementor-element-655ecfd elementor-widget elementor-widget-text-editor\" data-id=\"655ecfd\" data-element_type=\"widget\" data-e-type=\"widget\" data-widget_type=\"text-editor.default\">\n\t\t\t\t\t\t\t\t\t<p style=\"font-weight: 400;\"><strong>Hvad er skinbooster?<\/strong><\/p><p style=\"font-weight: 400;\">Skinbooster er en injektionsbehandling, der forbedrer hudens kvalitet, elasticitet og fugtniveau ved hj\u00e6lp af hyaluronsyre, hvilket giver fornyet gl\u00f8d, stimulere hudens egen fornyelse via \u00f8get produktion af kollage og elastin, forbedrer hudstrukturen og reducerer fine linjer.<\/p><p style=\"font-weight: 400;\"><strong>Behandling og forl\u00f8b<\/strong><\/p><p style=\"font-weight: 400;\">Skinboosteren injiceres i det \u00f8nskede omr\u00e5de i punktbehandling. I klinikken benytter vi Ejal40, Profhilo og Profhilo structura. Behandlingen er velegnet til ansigt, hals, bryst, h\u00e6nder og tilbydes ofte som et forl\u00f8b p\u00e5 2-3 behandlinger med ca 4 ugers interval.\u00a0 Resultat ses efter 1-3 m\u00e5neder alt efter den valgte skinbooster.<\/p><p style=\"font-weight: 400;\">Det er normalt at opleve r\u00f8dme ved injektionsstedet, let h\u00e6velse, \u00f8mhed eller sm\u00e5 bl\u00e5 m\u00e6rker i dagene efterf\u00f8lgende behandlingen.<\/p><p style=\"font-weight: 400;\"><strong>Lovpligtig forunders\u00f8gelse\/ vigtigt at vide<\/strong><\/p><p style=\"font-weight: 400;\">Inden behandlingen skal du have en lovpligtig forunders\u00f8gelse ved vores kosmetiske sygeplejerske, hvor vi taler om dine \u00f8nsker og behov, s\u00e5 du er helt tryg ved, hvad du kan forvente. Denne forunders\u00f8gelse skal finde sted minimum 48 timer f\u00f8r din behandling.<\/p><p style=\"font-weight: 400;\">Skinbooster m\u00e5 ikke udf\u00f8res p\u00e5 personer under 18 \u00e5r, gravide, ammende eller hvis du tidligere har haft en allergisk reaktion p\u00e5 Skinbooster.<\/p><p style=\"font-weight: 400;\">Er du i tvivl om skinbooster er noget for dig? Du kan altid booke en gratis og uforpligtende samtale i klinikken.<\/p><p style=\"font-weight: 400;\">\u00a0<\/p>\t\t\t\t\t\t\t\t<\/div>\n\t\t\t\t\t<\/div>\n\t\t\t\t<\/div>\n\t\t<div class=\"elementor-element elementor-element-90820d8 e-flex e-con-boxed e-con e-parent\" data-id=\"90820d8\" data-element_type=\"container\" data-e-type=\"container\">\n\t\t\t\t\t<div class=\"e-con-inner\">\n\t\t\t\t<div class=\"elementor-element elementor-element-22c3b8b elementor-widget elementor-widget-image\" data-id=\"22c3b8b\" data-element_type=\"widget\" data-e-type=\"widget\" data-widget_type=\"image.default\">\n\t\t\t\t\t\t\t\t\t\t\t\t\t\t\t<img fetchpriority=\"high\" decoding=\"async\" width=\"1024\" height=\"1020\" src=\"https:\/\/www.refinebybech.dk\/wp-content\/uploads\/2026\/02\/IMG_1506-1024x1020.jpg\" class=\"attachment-large size-large wp-image-187\" alt=\"\" srcset=\"https:\/\/www.refinebybech.dk\/wp-content\/uploads\/2026\/02\/IMG_1506-1024x1020.jpg 1024w, https:\/\/www.refinebybech.dk\/wp-content\/uploads\/2026\/02\/IMG_1506-300x300.jpg 300w, https:\/\/www.refinebybech.dk\/wp-content\/uploads\/2026\/02\/IMG_1506-150x150.jpg 150w, https:\/\/www.refinebybech.dk\/wp-content\/uploads\/2026\/02\/IMG_1506-768x765.jpg 768w, https:\/\/www.refinebybech.dk\/wp-content\/uploads\/2026\/02\/IMG_1506.jpg 1169w\" sizes=\"(max-width: 1024px) 100vw, 1024px\" \/>\t\t\t\t\t\t\t\t\t\t\t\t\t\t\t<\/div>\n\t\t\t\t\t<\/div>\n\t\t\t\t<\/div>\n\t\t\t\t<\/div>\n\t\t","protected":false},"excerpt":{"rendered":"<p>Hvad er skinbooster? Skinbooster er en injektionsbehandling, der forbedrer hudens kvalitet, elasticitet og [&hellip;]<\/p>\n","protected":false},"author":1,"featured_media":0,"parent":121,"menu_order":0,"comment_status":"closed","ping_status":"closed","template":"","meta":{"footnotes":""},"class_list":["post-151","page","type-page","status-publish","hentry"],"_links":{"self":[{"href":"https:\/\/www.refinebybech.dk\/index.php?rest_route=\/wp\/v2\/pages\/151","targetHints":{"allow":["GET"]}}],"collection":[{"href":"https:\/\/www.refinebybech.dk\/index.php?rest_route=\/wp\/v2\/pages"}],"about":[{"href":"https:\/\/www.refinebybech.dk\/index.php?rest_route=\/wp\/v2\/types\/page"}],"author":[{"embeddable":true,"href":"https:\/\/www.refinebybech.dk\/index.php?rest_route=\/wp\/v2\/users\/1"}],"replies":[{"embeddable":true,"href":"https:\/\/www.refinebybech.dk\/index.php?rest_route=%2Fwp%2Fv2%2Fcomments&post=151"}],"version-history":[{"count":10,"href":"https:\/\/www.refinebybech.dk\/index.php?rest_route=\/wp\/v2\/pages\/151\/revisions"}],"predecessor-version":[{"id":219,"href":"https:\/\/www.refinebybech.dk\/index.php?rest_route=\/wp\/v2\/pages\/151\/revisions\/219"}],"up":[{"embeddable":true,"href":"https:\/\/www.refinebybech.dk\/index.php?rest_route=\/wp\/v2\/pages\/121"}],"wp:attachment":[{"href":"https:\/\/www.refinebybech.dk\/index.php?rest_route=%2Fwp%2Fv2%2Fmedia&parent=151"}],"curies":[{"name":"wp","href":"https:\/\/api.w.org\/{rel}","templated":true}]}}