{"id":178,"date":"2026-02-21T14:08:40","date_gmt":"2026-02-21T14:08:40","guid":{"rendered":"https:\/\/www.refinebybech.dk\/?page_id=178"},"modified":"2026-02-22T13:07:39","modified_gmt":"2026-02-22T13:07:39","slug":"haarfjerning","status":"publish","type":"page","link":"https:\/\/www.refinebybech.dk\/?page_id=178","title":{"rendered":"H\u00e5rfjerning"},"content":{"rendered":"\t\t<div data-elementor-type=\"wp-page\" data-elementor-id=\"178\" class=\"elementor elementor-178\">\n\t\t\t\t<div class=\"elementor-element elementor-element-f88ea75 e-flex e-con-boxed e-con e-parent\" data-id=\"f88ea75\" data-element_type=\"container\" data-e-type=\"container\">\n\t\t\t\t\t<div class=\"e-con-inner\">\n\t\t\t\t<div class=\"elementor-element elementor-element-b5516dd elementor-widget elementor-widget-text-editor\" data-id=\"b5516dd\" data-element_type=\"widget\" data-e-type=\"widget\" data-widget_type=\"text-editor.default\">\n\t\t\t\t\t\t\t\t\t<p style=\"font-weight: 400;\"><strong>Permanent H\u00e5rreduktion<\/strong><\/p><p style=\"font-weight: 400;\">I klinikken tilbyder vi permanent h\u00e5rreduktion med IPL Nordlys fra ellipse- en teknologi, der ved hj\u00e6lp af lysenergi opvarmer og destruerer h\u00e5rrodden ved en ca. temperatur p\u00e5 65-70 grader. Lyset absorberes af pigmentet i h\u00e5rs\u00e6kken, hvilket f\u00e5r h\u00e5ret til at falde ud og forhindre ny v\u00e6kst.<\/p><p style=\"font-weight: 400;\"><strong>Forl\u00f8b og resultater<\/strong><\/p><p style=\"font-weight: 400;\">Et behandlingsforl\u00f8b best\u00e5r typisk af 6-10 behandlinger med 6-10 ugers interval.<\/p><p style=\"font-weight: 400;\">Behandlingen f\u00f8les som sm\u00e5 elastikstik mod huden og kan give en let varme og r\u00f8dme, som aftager i l\u00f8bet af f\u00e5 timer. Du vil opleve en gradvis reduktion i h\u00e5rv\u00e6ksten. Forventet resultat efter endt behandlingsforl\u00f8b er en reduktion p\u00e5 ca. 80-90 %.\u00a0<\/p><p>Nogle omr\u00e5der kan kr\u00e6ve vedligeholdelse, da de kan v\u00e6re betinget af hormoner, alder, graviditet, k\u00f8n.<\/p><p style=\"font-weight: 400;\"><strong>Forunders\u00f8gelse\/Vigtigt at vide<\/strong><\/p><p style=\"font-weight: 400;\">Du er altid velkommen til at komme ind til en gratis og uforpligtende vejledning hvis du har sp\u00f8rgsm\u00e5l til behandlingen.<\/p><p style=\"font-weight: 400;\">Ipl m\u00e5 ikke udf\u00f8res p\u00e5 personer under 18 \u00e5r. Da denne behandling kr\u00e6ver pigment i h\u00e5rs\u00e6kken, er den ikke eget til lyse, r\u00f8de eller gr\u00e5 h\u00e5r og ikke egnet til m\u00f8rke hudtyper.<\/p><p style=\"font-weight: 400;\">Inden behandlingen m\u00e5 du ikke have dyrket sol, solarium i 30 dage og ikke brugt selvbruner 10 dage f\u00f8r behandlingen.<\/p>\t\t\t\t\t\t\t\t<\/div>\n\t\t\t\t\t<\/div>\n\t\t\t\t<\/div>\n\t\t\t\t<\/div>\n\t\t","protected":false},"excerpt":{"rendered":"<p>Permanent H\u00e5rreduktion I klinikken tilbyder vi permanent h\u00e5rreduktion med IPL Nordlys fra ellipse- [&hellip;]<\/p>\n","protected":false},"author":1,"featured_media":0,"parent":121,"menu_order":0,"comment_status":"closed","ping_status":"closed","template":"","meta":{"footnotes":""},"class_list":["post-178","page","type-page","status-publish","hentry"],"_links":{"self":[{"href":"https:\/\/www.refinebybech.dk\/index.php?rest_route=\/wp\/v2\/pages\/178","targetHints":{"allow":["GET"]}}],"collection":[{"href":"https:\/\/www.refinebybech.dk\/index.php?rest_route=\/wp\/v2\/pages"}],"about":[{"href":"https:\/\/www.refinebybech.dk\/index.php?rest_route=\/wp\/v2\/types\/page"}],"author":[{"embeddable":true,"href":"https:\/\/www.refinebybech.dk\/index.php?rest_route=\/wp\/v2\/users\/1"}],"replies":[{"embeddable":true,"href":"https:\/\/www.refinebybech.dk\/index.php?rest_route=%2Fwp%2Fv2%2Fcomments&post=178"}],"version-history":[{"count":13,"href":"https:\/\/www.refinebybech.dk\/index.php?rest_route=\/wp\/v2\/pages\/178\/revisions"}],"predecessor-version":[{"id":227,"href":"https:\/\/www.refinebybech.dk\/index.php?rest_route=\/wp\/v2\/pages\/178\/revisions\/227"}],"up":[{"embeddable":true,"href":"https:\/\/www.refinebybech.dk\/index.php?rest_route=\/wp\/v2\/pages\/121"}],"wp:attachment":[{"href":"https:\/\/www.refinebybech.dk\/index.php?rest_route=%2Fwp%2Fv2%2Fmedia&parent=178"}],"curies":[{"name":"wp","href":"https:\/\/api.w.org\/{rel}","templated":true}]}}

Hårfjerning

<div data-elementor-type="wp-page" data-elementor-id="178" class="elementor elementor-178">
				<div class="elementor-element elementor-element-f88ea75 e-flex e-con-boxed e-con e-parent" data-id="f88ea75" data-element_type="container" data-e-type="container">
					<div class="e-con-inner">
				<div class="elementor-element elementor-element-b5516dd elementor-widget elementor-widget-text-editor" data-id="b5516dd" data-element_type="widget" data-e-type="widget" data-widget_type="text-editor.default">
									<p style="font-weight: 400;"><strong>Permanent Hårreduktion</strong></p><p style="font-weight: 400;">I klinikken tilbyder vi permanent hårreduktion med IPL Nordlys fra ellipse- en teknologi, der ved hjælp af lysenergi opvarmer og destruerer hårrodden ved en ca. temperatur på 65-70 grader. Lyset absorberes af pigmentet i hårsækken, hvilket får håret til at falde ud og forhindre ny vækst.</p><p style="font-weight: 400;"><strong>Forløb og resultater</strong></p><p style="font-weight: 400;">Et behandlingsforløb består typisk af 6-10 behandlinger med 6-10 ugers interval.</p><p style="font-weight: 400;">Behandlingen føles som små elastikstik mod huden og kan give en let varme og rødme, som aftager i løbet af få timer. Du vil opleve en gradvis reduktion i hårvæksten. Forventet resultat efter endt behandlingsforløb er en reduktion på ca. 80-90 %. </p><p>Nogle områder kan kræve vedligeholdelse, da de kan være betinget af hormoner, alder, graviditet, køn.</p><p style="font-weight: 400;"><strong>Forundersøgelse/Vigtigt at vide</strong></p><p style="font-weight: 400;">Du er altid velkommen til at komme ind til en gratis og uforpligtende vejledning hvis du har spørgsmål til behandlingen.</p><p style="font-weight: 400;">Ipl må ikke udføres på personer under 18 år. Da denne behandling kræver pigment i hårsækken, er den ikke eget til lyse, røde eller grå hår og ikke egnet til mørke hudtyper.</p><p style="font-weight: 400;">Inden behandlingen må du ikke have dyrket sol, solarium i 30 dage og ikke brugt selvbruner 10 dage før behandlingen.</p>								</div>
					</div>
				</div>
				</div>

<p>Permanent Hårreduktion I klinikken tilbyder vi permanent hårreduktion med IPL Nordlys fra ellipse- [&hellip;]</p>
