{"id":96,"date":"2026-02-16T16:12:04","date_gmt":"2026-02-16T16:12:04","guid":{"rendered":"https:\/\/www.refinebybech.dk\/?page_id=96"},"modified":"2026-02-22T12:45:33","modified_gmt":"2026-02-22T12:45:33","slug":"botox","status":"publish","type":"page","link":"https:\/\/www.refinebybech.dk\/?page_id=96","title":{"rendered":"Botox"},"content":{"rendered":"\t\t<div data-elementor-type=\"wp-page\" data-elementor-id=\"96\" class=\"elementor elementor-96\">\n\t\t\t\t<div class=\"elementor-element elementor-element-72609e4c e-flex e-con-boxed e-con e-parent\" data-id=\"72609e4c\" data-element_type=\"container\" data-e-type=\"container\">\n\t\t\t\t\t<div class=\"e-con-inner\">\n\t\t\t\t<div class=\"elementor-element elementor-element-370cd420 elementor-widget elementor-widget-text-editor\" data-id=\"370cd420\" data-element_type=\"widget\" data-e-type=\"widget\" data-widget_type=\"text-editor.default\">\n\t\t\t\t\t\t\t\t\t\n<p style=\"font-weight: 400;\"><strong>Hvad er Botox?<\/strong><\/p>\n<p style=\"font-weight: 400;\">Botox-ogs\u00e5 kaldet botulinumtoksin- er en FDA- godkendt neurotoksin, der virker ved midlertidigt at blokere nerveimpulsertil de behandlede ansigtsmuskler. Det f\u00e5r musklerne til at slappe af og mindsker derved synligheden af rynker og fine linjer.<\/p>\n<p style=\"font-weight: 400;\">\u00a0<\/p>\n<p style=\"font-weight: 400;\"><strong>Forl\u00f8b og resultat<\/strong><\/p>\n<p style=\"font-weight: 400;\">De fleste oplever kun et let ubehag ved selve injektionen, dog er der risiko for let h\u00e6velse, r\u00f8dme ved injektionsstedet eller et bl\u00e5t m\u00e6rke.<\/p>\n<p style=\"font-weight: 400;\">Effekten begynder som regel at vise sig i l\u00f8bet af f\u00e5 dage, det fulde resultat ses typisk efter 1-2 uger.<\/p>\n<p style=\"font-weight: 400;\">Resultatet holder som regel 3-6 m\u00e5neder.<\/p>\n<p style=\"font-weight: 400;\">For os er det vigtigt, at du er tilfreds- derfor tilbyder vi altid en gratis touch-up 2-4 uger efter behandlingen, hvis du ikke oplever, at vi har opn\u00e5et det \u00f8nskede resultat.<\/p>\n<p style=\"font-weight: 400;\">\u00a0<\/p>\n<p style=\"font-weight: 400;\"><strong>Lovpligtig forunders\u00f8gelse\/ vigtigt at vide<\/strong><\/p>\n<p style=\"font-weight: 400;\">Inden din f\u00f8rste behandling, skal du have en lovpligtig forunders\u00f8gelse ved vores ansvarlige l\u00e6ge. Forunders\u00f8gelse sker online i et sikret forum og skal finde sted minimum 48 timer f\u00f8r behandlingen og koster 500 kr. som fratr\u00e6kkes ved f\u00f8rste behandling.<\/p>\n<p style=\"font-weight: 400;\">Botox m\u00e5 ikke udf\u00f8res p\u00e5 personer under 18 \u00e5r, gravide, ammende eller personer der tager visse typer medicin. Alt dette gennemg\u00e5r vores ansvarlige L\u00e6ge med dig ved forunders\u00f8gelsen.<\/p>\n<p style=\"font-weight: 400;\">\u00a0<\/p>\n\n<p>\u00a0<\/p>\n\t\t\t\t\t\t\t\t<\/div>\n\t\t\t\t\t<\/div>\n\t\t\t\t<\/div>\n\t\t<div class=\"elementor-element elementor-element-30e14d7 e-flex e-con-boxed e-con e-parent\" data-id=\"30e14d7\" data-element_type=\"container\" data-e-type=\"container\">\n\t\t\t\t\t<div class=\"e-con-inner\">\n\t\t\t\t<div class=\"elementor-element elementor-element-78f5be1 elementor-widget elementor-widget-image\" data-id=\"78f5be1\" data-element_type=\"widget\" data-e-type=\"widget\" data-widget_type=\"image.default\">\n\t\t\t\t\t\t\t\t\t\t\t\t\t\t\t<img fetchpriority=\"high\" decoding=\"async\" width=\"1024\" height=\"856\" src=\"https:\/\/www.refinebybech.dk\/wp-content\/uploads\/2026\/02\/IMG_1392-3-1024x856.jpg\" class=\"attachment-large size-large wp-image-34\" alt=\"\" srcset=\"https:\/\/www.refinebybech.dk\/wp-content\/uploads\/2026\/02\/IMG_1392-3-1024x856.jpg 1024w, https:\/\/www.refinebybech.dk\/wp-content\/uploads\/2026\/02\/IMG_1392-3-300x251.jpg 300w, https:\/\/www.refinebybech.dk\/wp-content\/uploads\/2026\/02\/IMG_1392-3-768x642.jpg 768w, https:\/\/www.refinebybech.dk\/wp-content\/uploads\/2026\/02\/IMG_1392-3.jpg 1169w\" sizes=\"(max-width: 1024px) 100vw, 1024px\" \/>\t\t\t\t\t\t\t\t\t\t\t\t\t\t\t<\/div>\n\t\t\t\t\t<\/div>\n\t\t\t\t<\/div>\n\t\t\t\t<\/div>\n\t\t","protected":false},"excerpt":{"rendered":"<p>Hvad er Botox? Botox-ogs\u00e5 kaldet botulinumtoksin- er en FDA- godkendt neurotoksin, der virker [&hellip;]<\/p>\n","protected":false},"author":1,"featured_media":0,"parent":121,"menu_order":0,"comment_status":"closed","ping_status":"closed","template":"","meta":{"footnotes":""},"class_list":["post-96","page","type-page","status-publish","hentry"],"_links":{"self":[{"href":"https:\/\/www.refinebybech.dk\/index.php?rest_route=\/wp\/v2\/pages\/96","targetHints":{"allow":["GET"]}}],"collection":[{"href":"https:\/\/www.refinebybech.dk\/index.php?rest_route=\/wp\/v2\/pages"}],"about":[{"href":"https:\/\/www.refinebybech.dk\/index.php?rest_route=\/wp\/v2\/types\/page"}],"author":[{"embeddable":true,"href":"https:\/\/www.refinebybech.dk\/index.php?rest_route=\/wp\/v2\/users\/1"}],"replies":[{"embeddable":true,"href":"https:\/\/www.refinebybech.dk\/index.php?rest_route=%2Fwp%2Fv2%2Fcomments&post=96"}],"version-history":[{"count":9,"href":"https:\/\/www.refinebybech.dk\/index.php?rest_route=\/wp\/v2\/pages\/96\/revisions"}],"predecessor-version":[{"id":216,"href":"https:\/\/www.refinebybech.dk\/index.php?rest_route=\/wp\/v2\/pages\/96\/revisions\/216"}],"up":[{"embeddable":true,"href":"https:\/\/www.refinebybech.dk\/index.php?rest_route=\/wp\/v2\/pages\/121"}],"wp:attachment":[{"href":"https:\/\/www.refinebybech.dk\/index.php?rest_route=%2Fwp%2Fv2%2Fmedia&parent=96"}],"curies":[{"name":"wp","href":"https:\/\/api.w.org\/{rel}","templated":true}]}}